, 4*z - 506 = 2*c - c. Is z a composite number?
False
Let u be 0/(-2) + 1 + 65. Let z = -35 + u. Is z composite?
False
Suppose 2*t = -4*t + 1326. Is t a composite number?
True
Let d(m) = -53*m - 1. Let v be d(-2). Suppose -4*h = b - 375, 3*h + 656 = 2*b - v. Is b prime?
True
Suppose -3*s - 27 = -3*k, 0 = -0*k - k + 4. Is ((-415)/(-2))/s*-2 a prime number?
True
Suppose 25 = 8*b - 3*b. Suppose 3*f - 3*g = 153, 2*g - 163 = -b*f + 2*f. Is f prime?
True
Let y(u) = -4 + 7 + 1 - 3*u + 9. Let f be y(-9). Let d = f - -55. Is d a composite number?
True
Let m(x) = -2*x - 6. Let v be m(-6). Is (-46)/(-3)*63/v a prime number?
False
Suppose 3*s = -3*x + 6 - 15, -4*s + 24 = -5*x. Let a be (s + 0)/(1/2). Suppose -2*q = -4*r + 224, -2*r - a*q + 102 = 2*q. Is r a composite number?
True
Let v be 3 - ((-2 - -4) + -3). Suppose -v*d + 6*d = 0, 0 = -5*y + 4*d + 485. Is y composite?
False
Let w be ((-8)/3)/((-6)/9). Suppose 5*u - 2*f = 554, 3*f = -u + w*f + 109. Let s = 158 - u. Is s composite?
True
Let j(u) = -2 + 0 + 1 + 23*u**2. Let w = -26 - -25. Is j(w) a prime number?
False
Suppose -3*c + 37 = 5*i, -2*c + 4*c - 13 = -i. Suppose 53 - 3 = i*k. Is k composite?
True
Let p(z) = -3*z + 3*z + 2*z. Let n be p(10). Let f = n + 17. Is f prime?
True
Let k = -64 - -315. Is k a prime number?
True
Let s = 12 - 22. Let g = -13 + 6. Let j = g - s. Is j a prime number?
True
Let s(z) = 2*z**2 - 9*z + 2. Let q be s(10). Suppose 4*d + 159 = 3*l, 2*l - 4*d + 6 = q. Is l composite?
False
Let r(z) = -2*z**2 + 29*z - 3. Let d(m) = m**2 - 15*m + 1. Let l(k) = 7*d(k) + 4*r(k). Is l(8) composite?
False
Suppose 0 = -4*y - 3 + 11. Suppose -3*h = y*h - 2*z - 619, 5*h - 3*z - 621 = 0. Is h a prime number?
False
Suppose 3*d + 2095 = 8*d. Is d a composite number?
False
Suppose 5*a - 2*y - 1447 = 2*a, 2*a - 3*y = 973. Is a composite?
False
Let q = -334 + 491. Is q a composite number?
False
Let p be (3 - 2)*(-2)/(-1). Suppose 0*b + p*b - 2*c = 190, -c = -5*b + 467. Let s = b - 56. Is s a composite number?
False
Let p(c) = -56*c + 3. Let z be p(4). Let t be z/(-3) - 2/(-6). Suppose -58 = -2*k - 0*m - 3*m, -m - t = -2*k. Is k composite?
True
Let v be -2 + 0 - (-4 + -55). Is (6/9)/(1/v) a prime number?
False
Let o(p) = -330*p + 1. Is o(-1) a composite number?
False
Suppose 1095 = 4*r - 109. Is r a composite number?
True
Suppose -4*r + y + 9425 = 0, -5*y - 7991 - 1438 = -4*r. Suppose -2*w + r = 270. Is w prime?
False
Suppose -3*h + 6 = 0, 0 = -0*o + 3*o + 4*h - 245. Is o composite?
False
Suppose -5*d + 100 = -0*d. Let p = 7 - d. Let h = -6 - p. Is h prime?
True
Let o(u) = -4*u**3 + u + 1. Let s be o(-1). Suppose -10 = -s*y - y. Is y a prime number?
True
Suppose 3*l + 55 = -2*l. Let m = -7 - l. Is (-3)/(-12)*10*m a prime number?
False
Let z(y) = 28*y**2 + 3*y + 2. Let s be z(-3). Let i = -162 + s. Is i a prime number?
True
Suppose -3*w + 4*j + 38 = 0, 0 = 2*j + 2*j + 20. Is (-190)/15*w/(-4) composite?
False
Suppose 0*m - 5*j + 643 = 3*m, -2*j - 229 = -m. Is m a prime number?
False
Suppose 5*x - 149 = -3*a + 13, 3*a + 2*x - 153 = 0. Suppose 0 = -0*y - y + a. Is y composite?
True
Suppose 2*t = 3*t + 65. Let v = -154 - -268. Let q = v + t. Is q composite?
True
Let j(v) = -15*v**2 + 6*v + 6. Let o be j(5). Let w = -152 - o. Is w composite?
True
Let s(q) = -q**2 + 5*q + 7. Let m be s(6). Let x be 1*(m + 18 + 0). Let n = x - 8. Is n prime?
True
Suppose -20 = 4*w - 8. Suppose 3*z + a - 39 = 0, -3*z - 3*a = -2*z - 5. Is 2/(((-12)/z)/w) prime?
True
Let a be (-53)/(-11) + (-14)/(-77). Let f be 0 - a/(15/(-108)). Is (-1)/4 - (-7605)/f prime?
True
Let s(l) = l**3 - 10*l**2 - 14*l + 13. Is s(12) a prime number?
False
Let b(g) = -g**2 - g + 1. Let d be b(1). Let m be (1 - -4)*(-1)/d. Suppose 4*q - m*r - 81 = 0, 3*q - 57 = -3*r - 3. Is q a prime number?
True
Let d be 1/5 + (-36)/(-20). Let c(b) = -b - 10. Let o(f) = -2*f - 10. Let v(u) = d*o(u) - 3*c(u). Is v(-9) composite?
False
Let v(a) = -a**2 - 9*a - 6. Let q be v(-8). Suppose -x = -q*i - 0*i - 103, -x = i - 94. Is x composite?
False
Let p be -1 + (-3)/(-1) + 68. Suppose -n - 13 = -17. Suppose -n*k + p = -54. Is k prime?
True
Suppose 2206 = -94*b + 96*b. Is b prime?
True
Suppose -3*g = -5*k - 0*k - 2039, -4*g + 4*k + 2724 = 0. Is g composite?
False
Suppose -2*p = p. Suppose -5*x + 2*x - 126 = p. Let g = x - -79. Is g prime?
True
Let l(w) = -w**3 + 7*w**2 + 9*w - 6. Let c be l(8). Suppose 0 = -p + 3*n + 10, n - 2*n = c*p + 8. Is -1*(-15 - p - -2) composite?
False
Let q be (1*2)/(2/(-121)). Let j be ((-3)/(-6))/(1/400). Let x = q + j. Is x composite?
False
Suppose 5*n = 3*g + 35, 5*n = 3*n + 2*g + 18. Let a be ((-6)/n)/((-9)/12). Suppose 0 = 2*c - 7*c - 2*x + 75, a*c - 1 = 5*x. Is c a prime number?
True
Suppose 170 + 22 = h. Suppose 5 = 3*a - 4. Suppose 0 = -4*k + 4*d + h, 4*k = -0*k - a*d + 227. Is k a prime number?
True
Let c = -181 + 487. Let z = -151 + c. Suppose -2*h - w + 2*w + 104 = 0, z = 3*h - w. Is h a composite number?
True
Suppose 2*f - 3*p - 657 = -4*p, -4*f = 3*p - 1309. Is f a composite number?
False
Suppose 3*l = -2*u + 548, 256 = l + 2*u + 72. Suppose -3*z + l + 265 = 0. Is z a prime number?
True
Let p(m) = -m + 10. Let v be p(7). Let z(g) = 10*g**2 - 5*g + 2. Is z(v) prime?
False
Let q(i) = 4*i**3 + i**2 + i + 13. Is q(9) prime?
True
Let p = -3 + 3. Let z(g) = g - 5. Let s be z(p). Is (-94)/(-5) - 1/s prime?
True
Suppose -2*u - 1 = -3*u. Suppose -2*k + 3 = u, -2*k + 8 = 2*j. Is 1/j - 74/(-3) prime?
False
Let g(v) be the second derivative of v**4/24 + 223*v**3/6 + v**2 - 3*v. Let y(w) be the first derivative of g(w). Is y(0) composite?
False
Suppose 0 = -0*h + 4*h - 4*c - 4768, 0 = -c + 3. Is h a prime number?
False
Suppose 0 = -5*t + 2*c + 345, 200 = 4*t - c - 73. Is t a composite number?
False
Suppose 170 = -q - 0. Let p = -108 - q. Suppose -4*b + p = -2*b. Is b prime?
True
Let b be -2 - (-3)/6*2. Let z be 930/4 - b/2. Let v = z - 114. Is v composite?
True
Suppose -2*i - 3*g = -2*g + 9404, 0 = i - 2*g + 4712. Let m be i/27 - (-4)/18. Let a = m + 307. Is a composite?
True
Suppose b + 5*w - 205 = 0, -b + w + 211 = -0*w. Let d = b + -83. Is d a composite number?
False
Let y = 44 - 67. Is (1 - y) + 3 + -1 prime?
False
Suppose m - 2*g = -3*m + 506, 4*m + 2*g = 526. Suppose -2*t - t + m = 0. Is t composite?
False
Let s(g) = -217*g + 4. Let o be s(-3). Suppose 4*d - o = -d. Is d a prime number?
True
Suppose 0 = -4*n + 128 + 636. Is n composite?
False
Let o = 13 - 12. Is o/2*(105 + 1) a prime number?
True
Let j = 143 + -66. Is j a prime number?
False
Suppose -3*v = 76 - 25. Let k = v + 10. Is (-12)/2*k/3 a composite number?
True
Suppose -10 - 2 = 4*z, 2*b + z + 5 = 0. Let v = -5 - b. Is 4*(-2 + (-21)/v) composite?
False
Let g be (-1)/((-8)/(-3) + -3). Is 15/g + -2 - -88 composite?
True
Suppose 0 = -3*r + r + 238. Is r prime?
False
Suppose 0 = -2*b + 7*b - 1465. Is b prime?
True
Let w(j) = -85*j**2 - 4*j - 1. Let m(i) = -85*i**2 - 3*i - 1. Let g(v) = -5*m(v) + 4*w(v). Suppose 0 = -4*s - 2 + 6. Is g(s) a prime number?
False
Let f = -246 - 137. Let j = 594 + f. Is j a prime number?
True
Suppose 2*b = b + 587. Let r = -336 + b. Is r a composite number?
False
Let s(y) = 3*y**2 + 4*y + 16. Is s(-11) a composite number?
True
Let f(x) be the first derivative of 7*x**4/4 - 5*x**3/3 + 5*x**2/2 - 4*x - 5. Is f(3) a prime number?
False
Let p = -2734 - -4557. Is p prime?
True
Let z = 10520 + -4941. Is z a prime number?
False
Let l be (2/3 + -1)*-6. Suppose l*c + 3*q - 25 = 0, c = 5*c + q - 55. Is c composite?
True
Suppose -1398 = -4*d - 362. Is d a composite number?
True
Suppose 3*k + 239 = -928. Let g = -227 - k. Let d = g - 95. Is d composite?
False
Let c(t) = -1445*t + 24. Is c(-3) prime?
False
Let q(b) = 66*b**2 - b + 1. Is q(-2) a composite number?
True
Suppose -4*n - 5 - 7 = 0, 5*o - 1007 = -n. Suppose z + 5*y = o, 3*y + 3 = 4*y. Is z composite?
True
Let u(x) = x**3 - 4*x**2 - 4*x - 4. Let w be u(5). Suppose 2*g - w = -7, -5*g - 174 = -3*f. Is f a composite number?
False
Let v(y) = y**2 - y - 3. Let b be v(-3). Let n(x) = -7*x - 70. Let f(d) = 3*d + 35. Let m(s) = b*f(s) + 4*n(s). Is m(0) a prime number?
False
Let j(k) = -k + 1. Let q be j(-1). Suppose 4*b - 338 = q*b. Let z = b + -100. Is z composite?
True
Let j = 1 + 3. Suppose -4 = j*n - 32. Is n a co